{"id":26127,"date":"2025-07-09T09:00:42","date_gmt":"2025-07-09T16:00:42","guid":{"rendered":"https:\/\/azstatefair.com\/?post_type=tribe_events&#038;p=26127"},"modified":"2025-07-18T12:36:50","modified_gmt":"2025-07-18T19:36:50","slug":"the-format","status":"publish","type":"tribe_events","link":"https:\/\/azstatefair.com\/es\/event\/the-format\/","title":{"rendered":"El formato"},"content":{"rendered":"<p><span style=\"font-weight: 400;\">The Format vuelve a los escenarios por primera vez en a\u00f1os con un espect\u00e1culo muy especial en casa, en la Feria Estatal de Arizona. No te pierdas a Nate Ruess y Sam Means en directo en el hist\u00f3rico Veterans Memorial Coliseum el <\/span><b>S\u00e1bado, 27 de septiembre de 2025<\/b><span style=\"font-weight: 400;\">.<\/span><\/p>\n<p><span style=\"font-weight: 400;\">Esta experiencia al estilo de un festival incluye una actuaci\u00f3n de The Format como cabeza de cartel, adem\u00e1s de un escenario al aire libre con actuaciones de artistas emergentes de Phoenix como <\/span><b>Sydney Sprague, Astr\u00f3logo, JPW, Pap\u00e1 Hierba<\/b><span style=\"font-weight: 400;\">y otros que se anunciar\u00e1n m\u00e1s adelante. Los conciertos al aire libre tendr\u00e1n lugar antes y despu\u00e9s de la actuaci\u00f3n de The Format en el Coliseum, creando un d\u00eda completo de m\u00fasica y celebraci\u00f3n.\u00a0<\/span><\/p>\n<p><span style=\"font-weight: 400;\">\ud83c\udf9f\ufe0f Entradas a partir de $25 y <\/span><b>incluye la entrada a la Feria Estatal de Arizona<\/b><span style=\"font-weight: 400;\">.<\/span><span style=\"font-weight: 400;\"><br \/>\n<\/span><span style=\"font-weight: 400;\">\ud83d\udccd Veterans Memorial Coliseum en la Feria Estatal de Arizona.<\/span><span style=\"font-weight: 400;\"><br \/>\n<\/span><span style=\"font-weight: 400;\">\ud83d\uddd3\ufe0f S\u00e1bado, 27 de septiembre de 2025<\/span><span style=\"font-weight: 400;\"><br \/>\n<\/span><span style=\"font-weight: 400;\">Puertas: 18.30 h. Espect\u00e1culo: 19.30 h.<\/span><\/p>\n<p><span style=\"font-weight: 400;\">Comienza la preventa de la Feria ASF Fandom <\/span><b>Jueves 17 de julio a las 12PM (hora local)<\/b><b><br \/>\n<\/b><span style=\"font-weight: 400;\">Comienza la venta al p\u00fablico en general <\/span><b>Viernes 18 de julio a las 12PM (hora local)<\/b><\/p>\n<p><span style=\"font-weight: 400;\">Para m\u00e1s informaci\u00f3n, visite <\/span><a href=\"http:\/\/www.theformat.com\/\"><span style=\"font-weight: 400;\">www.theformat.com<\/span><\/a><\/p>","protected":false},"excerpt":{"rendered":"<p>The Format vuelve a los escenarios por primera vez en a\u00f1os con un espect\u00e1culo muy especial en casa, en la Feria Estatal de Arizona. No te pierdas a Nate Ruess y Sam Means... <a class=\"more-link\" href=\"https:\/\/azstatefair.com\/es\/event\/the-format\/\">Seguir leyendo <span class=\"screen-reader-text\">El formato<\/span><\/a><\/p>","protected":false},"author":10,"featured_media":26290,"template":"","meta":{"_acf_changed":false,"h5ap_radio_sources":[],"_tribe_events_status":"","_tribe_events_status_reason":"","_tribe_events_is_hybrid":"","_tribe_events_is_virtual":"","_tribe_events_virtual_video_source":"","_tribe_events_virtual_embed_video":"","_tribe_events_virtual_linked_button_text":"","_tribe_events_virtual_linked_button":"","_tribe_events_virtual_show_embed_at":"","_tribe_events_virtual_show_embed_to":[],"_tribe_events_virtual_show_on_event":"","_tribe_events_virtual_show_on_views":"","_tribe_events_virtual_url":"","footnotes":""},"tags":[],"tribe_events_cat":[162],"class_list":["post-26127","tribe_events","type-tribe_events","status-publish","has-post-thumbnail","tribe_events_cat-coliseum-concert-series","cat_coliseum-concert-series","entry"],"acf":[],"yoast_head":"<!-- This site is optimized with the Yoast SEO plugin v27.5 - https:\/\/yoast.com\/product\/yoast-seo-wordpress\/ -->\n<title>The Format | AZ State Fair<\/title>\n<meta name=\"robots\" content=\"index, follow, max-snippet:-1, max-image-preview:large, max-video-preview:-1\" \/>\n<link rel=\"canonical\" href=\"https:\/\/azstatefair.com\/es\/event\/the-format\/\" \/>\n<meta property=\"og:locale\" content=\"es_MX\" \/>\n<meta property=\"og:type\" content=\"article\" \/>\n<meta property=\"og:title\" content=\"The Format | AZ State Fair\" \/>\n<meta property=\"og:description\" content=\"The Format returns to the stage for the first time in years with a very special hometown show at the Arizona State Fair. Don\u2019t miss Nate Ruess and Sam Means&hellip; Seguir leyendo The Format\" \/>\n<meta property=\"og:url\" content=\"https:\/\/azstatefair.com\/es\/event\/the-format\/\" \/>\n<meta property=\"og:site_name\" content=\"AZ State Fair\" \/>\n<meta property=\"article:publisher\" content=\"https:\/\/www.facebook.com\/azstatefair\" \/>\n<meta property=\"article:modified_time\" content=\"2025-07-18T19:36:50+00:00\" \/>\n<meta property=\"og:image\" content=\"https:\/\/azstatefair.com\/wp-content\/uploads\/2025\/07\/The-Format-event-listing-sold-out-scaled.png\" \/>\n\t<meta property=\"og:image:width\" content=\"2560\" \/>\n\t<meta property=\"og:image:height\" content=\"2560\" \/>\n\t<meta property=\"og:image:type\" content=\"image\/png\" \/>\n<meta name=\"twitter:card\" content=\"summary_large_image\" \/>\n<meta name=\"twitter:site\" content=\"@azstatefair\" \/>\n<script type=\"application\/ld+json\" class=\"yoast-schema-graph\">{\"@context\":\"https:\\\/\\\/schema.org\",\"@graph\":[{\"@type\":\"WebPage\",\"@id\":\"https:\\\/\\\/azstatefair.com\\\/event\\\/the-format\\\/\",\"url\":\"https:\\\/\\\/azstatefair.com\\\/event\\\/the-format\\\/\",\"name\":\"The Format | AZ State Fair\",\"isPartOf\":{\"@id\":\"https:\\\/\\\/azstatefair.com\\\/#website\"},\"primaryImageOfPage\":{\"@id\":\"https:\\\/\\\/azstatefair.com\\\/event\\\/the-format\\\/#primaryimage\"},\"image\":{\"@id\":\"https:\\\/\\\/azstatefair.com\\\/event\\\/the-format\\\/#primaryimage\"},\"thumbnailUrl\":\"https:\\\/\\\/azstatefair.com\\\/wp-content\\\/uploads\\\/2025\\\/07\\\/The-Format-event-listing-sold-out-scaled.png\",\"datePublished\":\"2025-07-09T16:00:42+00:00\",\"dateModified\":\"2025-07-18T19:36:50+00:00\",\"breadcrumb\":{\"@id\":\"https:\\\/\\\/azstatefair.com\\\/event\\\/the-format\\\/#breadcrumb\"},\"inLanguage\":\"es\",\"potentialAction\":[{\"@type\":\"ReadAction\",\"target\":[\"https:\\\/\\\/azstatefair.com\\\/event\\\/the-format\\\/\"]}]},{\"@type\":\"ImageObject\",\"inLanguage\":\"es\",\"@id\":\"https:\\\/\\\/azstatefair.com\\\/event\\\/the-format\\\/#primaryimage\",\"url\":\"https:\\\/\\\/azstatefair.com\\\/wp-content\\\/uploads\\\/2025\\\/07\\\/The-Format-event-listing-sold-out-scaled.png\",\"contentUrl\":\"https:\\\/\\\/azstatefair.com\\\/wp-content\\\/uploads\\\/2025\\\/07\\\/The-Format-event-listing-sold-out-scaled.png\",\"width\":2560,\"height\":2560,\"caption\":\"The Format event listing sold out\"},{\"@type\":\"BreadcrumbList\",\"@id\":\"https:\\\/\\\/azstatefair.com\\\/event\\\/the-format\\\/#breadcrumb\",\"itemListElement\":[{\"@type\":\"ListItem\",\"position\":1,\"name\":\"Home\",\"item\":\"https:\\\/\\\/azstatefair.com\\\/\"},{\"@type\":\"ListItem\",\"position\":2,\"name\":\"Events\",\"item\":\"https:\\\/\\\/azstatefair.com\\\/events\\\/\"},{\"@type\":\"ListItem\",\"position\":3,\"name\":\"The Format\"}]},{\"@type\":\"WebSite\",\"@id\":\"https:\\\/\\\/azstatefair.com\\\/#website\",\"url\":\"https:\\\/\\\/azstatefair.com\\\/\",\"name\":\"AZ State Fair\",\"description\":\"Arizona State Fair &amp; Exposition\",\"publisher\":{\"@id\":\"https:\\\/\\\/azstatefair.com\\\/#organization\"},\"alternateName\":\"AZ State Fair & Exposition\",\"potentialAction\":[{\"@type\":\"SearchAction\",\"target\":{\"@type\":\"EntryPoint\",\"urlTemplate\":\"https:\\\/\\\/azstatefair.com\\\/?s={search_term_string}\"},\"query-input\":{\"@type\":\"PropertyValueSpecification\",\"valueRequired\":true,\"valueName\":\"search_term_string\"}}],\"inLanguage\":\"es\"},{\"@type\":\"Organization\",\"@id\":\"https:\\\/\\\/azstatefair.com\\\/#organization\",\"name\":\"Arizona State Fair\",\"alternateName\":\"AZ State Fair\",\"url\":\"https:\\\/\\\/azstatefair.com\\\/\",\"logo\":{\"@type\":\"ImageObject\",\"inLanguage\":\"es\",\"@id\":\"https:\\\/\\\/azstatefair.com\\\/#\\\/schema\\\/logo\\\/image\\\/\",\"url\":\"https:\\\/\\\/azstatefair.com\\\/wp-content\\\/uploads\\\/2024\\\/09\\\/AZ-State-Fair-featured-image.png\",\"contentUrl\":\"https:\\\/\\\/azstatefair.com\\\/wp-content\\\/uploads\\\/2024\\\/09\\\/AZ-State-Fair-featured-image.png\",\"width\":1200,\"height\":630,\"caption\":\"Arizona State Fair\"},\"image\":{\"@id\":\"https:\\\/\\\/azstatefair.com\\\/#\\\/schema\\\/logo\\\/image\\\/\"},\"sameAs\":[\"https:\\\/\\\/www.facebook.com\\\/azstatefair\",\"https:\\\/\\\/x.com\\\/azstatefair\",\"https:\\\/\\\/www.instagram.com\\\/arizonastatefair\",\"https:\\\/\\\/www.pinterest.com\\\/azstatefair\",\"https:\\\/\\\/www.youtube.com\\\/arizonastatefair\",\"https:\\\/\\\/www.snapchat.com\\\/add\\\/azstatefair\"]}]}<\/script>\n<!-- \/ Yoast SEO plugin. -->","yoast_head_json":{"title":"El formato de la Feria Estatal de AZ","robots":{"index":"index","follow":"follow","max-snippet":"max-snippet:-1","max-image-preview":"max-image-preview:large","max-video-preview":"max-video-preview:-1"},"canonical":"https:\/\/azstatefair.com\/es\/event\/the-format\/","og_locale":"es_MX","og_type":"article","og_title":"The Format | AZ State Fair","og_description":"The Format returns to the stage for the first time in years with a very special hometown show at the Arizona State Fair. Don\u2019t miss Nate Ruess and Sam Means&hellip; Seguir leyendo The Format","og_url":"https:\/\/azstatefair.com\/es\/event\/the-format\/","og_site_name":"AZ State Fair","article_publisher":"https:\/\/www.facebook.com\/azstatefair","article_modified_time":"2025-07-18T19:36:50+00:00","og_image":[{"width":2560,"height":2560,"url":"https:\/\/azstatefair.com\/wp-content\/uploads\/2025\/07\/The-Format-event-listing-sold-out-scaled.png","type":"image\/png"}],"twitter_card":"summary_large_image","twitter_site":"@azstatefair","schema":{"@context":"https:\/\/schema.org","@graph":[{"@type":"WebPage","@id":"https:\/\/azstatefair.com\/event\/the-format\/","url":"https:\/\/azstatefair.com\/event\/the-format\/","name":"El formato de la Feria Estatal de AZ","isPartOf":{"@id":"https:\/\/azstatefair.com\/#website"},"primaryImageOfPage":{"@id":"https:\/\/azstatefair.com\/event\/the-format\/#primaryimage"},"image":{"@id":"https:\/\/azstatefair.com\/event\/the-format\/#primaryimage"},"thumbnailUrl":"https:\/\/azstatefair.com\/wp-content\/uploads\/2025\/07\/The-Format-event-listing-sold-out-scaled.png","datePublished":"2025-07-09T16:00:42+00:00","dateModified":"2025-07-18T19:36:50+00:00","breadcrumb":{"@id":"https:\/\/azstatefair.com\/event\/the-format\/#breadcrumb"},"inLanguage":"es","potentialAction":[{"@type":"ReadAction","target":["https:\/\/azstatefair.com\/event\/the-format\/"]}]},{"@type":"ImageObject","inLanguage":"es","@id":"https:\/\/azstatefair.com\/event\/the-format\/#primaryimage","url":"https:\/\/azstatefair.com\/wp-content\/uploads\/2025\/07\/The-Format-event-listing-sold-out-scaled.png","contentUrl":"https:\/\/azstatefair.com\/wp-content\/uploads\/2025\/07\/The-Format-event-listing-sold-out-scaled.png","width":2560,"height":2560,"caption":"The Format event listing sold out"},{"@type":"BreadcrumbList","@id":"https:\/\/azstatefair.com\/event\/the-format\/#breadcrumb","itemListElement":[{"@type":"ListItem","position":1,"name":"Home","item":"https:\/\/azstatefair.com\/"},{"@type":"ListItem","position":2,"name":"Events","item":"https:\/\/azstatefair.com\/events\/"},{"@type":"ListItem","position":3,"name":"The Format"}]},{"@type":"WebSite","@id":"https:\/\/azstatefair.com\/#website","url":"https:\/\/azstatefair.com\/","name":"Feria estatal de AZ","description":"Feria y Exposici\u00f3n del Estado de Arizona","publisher":{"@id":"https:\/\/azstatefair.com\/#organization"},"alternateName":"AZ State Fair & Exposition","potentialAction":[{"@type":"SearchAction","target":{"@type":"EntryPoint","urlTemplate":"https:\/\/azstatefair.com\/?s={search_term_string}"},"query-input":{"@type":"PropertyValueSpecification","valueRequired":true,"valueName":"search_term_string"}}],"inLanguage":"es"},{"@type":"Organization","@id":"https:\/\/azstatefair.com\/#organization","name":"Feria estatal de Arizona","alternateName":"AZ State Fair","url":"https:\/\/azstatefair.com\/","logo":{"@type":"ImageObject","inLanguage":"es","@id":"https:\/\/azstatefair.com\/#\/schema\/logo\/image\/","url":"https:\/\/azstatefair.com\/wp-content\/uploads\/2024\/09\/AZ-State-Fair-featured-image.png","contentUrl":"https:\/\/azstatefair.com\/wp-content\/uploads\/2024\/09\/AZ-State-Fair-featured-image.png","width":1200,"height":630,"caption":"Arizona State Fair"},"image":{"@id":"https:\/\/azstatefair.com\/#\/schema\/logo\/image\/"},"sameAs":["https:\/\/www.facebook.com\/azstatefair","https:\/\/x.com\/azstatefair","https:\/\/www.instagram.com\/arizonastatefair","https:\/\/www.pinterest.com\/azstatefair","https:\/\/www.youtube.com\/arizonastatefair","https:\/\/www.snapchat.com\/add\/azstatefair"]}]}},"publishpress_future_workflow_manual_trigger":{"enabledWorkflows":[]},"_links":{"self":[{"href":"https:\/\/azstatefair.com\/es\/wp-json\/wp\/v2\/tribe_events\/26127","targetHints":{"allow":["GET"]}}],"collection":[{"href":"https:\/\/azstatefair.com\/es\/wp-json\/wp\/v2\/tribe_events"}],"about":[{"href":"https:\/\/azstatefair.com\/es\/wp-json\/wp\/v2\/types\/tribe_events"}],"author":[{"embeddable":true,"href":"https:\/\/azstatefair.com\/es\/wp-json\/wp\/v2\/users\/10"}],"version-history":[{"count":0,"href":"https:\/\/azstatefair.com\/es\/wp-json\/wp\/v2\/tribe_events\/26127\/revisions"}],"wp:featuredmedia":[{"embeddable":true,"href":"https:\/\/azstatefair.com\/es\/wp-json\/wp\/v2\/media\/26290"}],"wp:attachment":[{"href":"https:\/\/azstatefair.com\/es\/wp-json\/wp\/v2\/media?parent=26127"}],"wp:term":[{"taxonomy":"post_tag","embeddable":true,"href":"https:\/\/azstatefair.com\/es\/wp-json\/wp\/v2\/tags?post=26127"},{"taxonomy":"tribe_events_cat","embeddable":true,"href":"https:\/\/azstatefair.com\/es\/wp-json\/wp\/v2\/tribe_events_cat?post=26127"}],"curies":[{"name":"wp","href":"https:\/\/api.w.org\/{rel}","templated":true}]}}

<p><span style="font-weight: 400;">The Format vuelve a los escenarios por primera vez en años con un espectáculo muy especial en casa, en la Feria Estatal de Arizona. No te pierdas a Nate Ruess y Sam Means en directo en el histórico Veterans Memorial Coliseum el </span><b>Sábado, 27 de septiembre de 2025</b><span style="font-weight: 400;">.</span></p>
<p><span style="font-weight: 400;">Esta experiencia al estilo de un festival incluye una actuación de The Format como cabeza de cartel, además de un escenario al aire libre con actuaciones de artistas emergentes de Phoenix como </span><b>Sydney Sprague, Astrólogo, JPW, Papá Hierba</b><span style="font-weight: 400;">y otros que se anunciarán más adelante. Los conciertos al aire libre tendrán lugar antes y después de la actuación de The Format en el Coliseum, creando un día completo de música y celebración. </span></p>
<p><span style="font-weight: 400;">🎟️ Entradas a partir de $25 y </span><b>incluye la entrada a la Feria Estatal de Arizona</b><span style="font-weight: 400;">.</span><span style="font-weight: 400;"><br />
</span><span style="font-weight: 400;">📍 Veterans Memorial Coliseum en la Feria Estatal de Arizona.</span><span style="font-weight: 400;"><br />
</span><span style="font-weight: 400;">🗓️ Sábado, 27 de septiembre de 2025</span><span style="font-weight: 400;"><br />
</span><span style="font-weight: 400;">Puertas: 18.30 h. Espectáculo: 19.30 h.</span></p>
<p><span style="font-weight: 400;">Comienza la preventa de la Feria ASF Fandom </span><b>Jueves 17 de julio a las 12PM (hora local)</b><b><br />
</b><span style="font-weight: 400;">Comienza la venta al público en general </span><b>Viernes 18 de julio a las 12PM (hora local)</b></p>
<p><span style="font-weight: 400;">Para más información, visite </span><a href="http://www.theformat.com/"><span style="font-weight: 400;">www.theformat.com</span></a></p>

<p>The Format vuelve a los escenarios por primera vez en años con un espectáculo muy especial en casa, en la Feria Estatal de Arizona. No te pierdas a Nate Ruess y Sam Means... <a class="more-link" href="https://azstatefair.com/es/event/the-format/">Seguir leyendo <span class="screen-reader-text">El formato</span></a></p>

Feria y Exposición del Estado de Arizona
